et n(s) = s**3 + 349*s**2 + 20015*s + 5102. Determine n(-72).
-10
Let q(m) = 3*m**2 - 1388*m - 21434. Calculate q(-15).
61
Let j(m) = m**3 + 37*m**2 - 286*m - 11558. Determine j(-36).
34
Let m(k) = -3*k**2 - 870*k - 9. Give m(0).
-9
Let c(s) = 569368*s + 9679273. Give c(-17).
17
Let q(v) = 7*v**2 + 734*v - 3995. Calculate q(-110).
-35
Let m(f) = -37361*f + 186801. Calculate m(5).
-4
Let n(c) = -762*c + 21276. Determine n(28).
-60
Let o(j) = -1352*j - 8015. Determine o(-6).
97
Let t(s) = 180*s - 1096. Determine t(6).
-16
Let r(b) = -17*b**3 + 455*b**2 - 318*b - 525. Give r(26).
-5
Let p(r) = 6877*r - 23. Give p(0).
-23
Let v(p) = -11*p**2 - 1297*p - 16983. What is v(-13)?
-1981
Let f(z) = -2291*z - 487. Determine f(0).
-487
Let t(i) = -1212*i - 712650. Determine t(-588).
6
Let j(t) = 3*t**2 + 2101*t + 22715. Calculate j(-11).
-33
Let c(a) = -a**3 - 22*a**2 + 1171*a + 26404. Calculate c(-23).
0
Let j(b) = -9509*b + 817692. Give j(86).
-82
Let j(o) = -87707*o + 3771406. Calculate j(43).
5
Let l(m) = -m**3 + 577*m**2 - 3*m - 1491. Determine l(0).
-1491
Let t(y) = 2*y**2 - 7200*y + 21602. Give t(3).
20
Let m(w) = 1827*w - 32892. Give m(18).
-6
Let r(n) = -10*n**2 + 13*n + 44. Give r(18).
-2962
Let y(n) = -2*n**3 - 30*n**2 - 121*n - 565. Calculate y(-12).
23
Let q(t) = -4498*t - 3836755. Give q(-853).
39
Let w(v) = -v**2 + 13857*v + 3082640. Give w(-219).
-4
Let c(z) = z**3 - 109*z**2 - 805*z - 186. Give c(-7).
-235
Let i(k) = -20147*k + 6185124. Calculate i(307).
-5
Let z(j) = 158*j - 7512. Calculate z(78).
4812
Let a(x) = -4*x**3 - 20*x**2 - 273*x - 1463. Determine a(-6).
319
Let c(x) = -61*x**2 - 1577*x - 1569. Determine c(-1).
-53
Let p(s) = 58216*s + 349297. Give p(-6).
1
Let i(b) = 3*b**3 - 18*b**2 + 337*b - 2030. What is i(6)?
-8
Let i(n) = -478*n + 168003. Calculate i(352).
-253
Let c(r) = 301*r**3 + 15*r**2 - 34*r + 20. What is c(1)?
302
Let a(d) = 71*d**3 - 769*d**2 - 161*d + 318. What is a(11)?
-1
Let q(i) = -i**3 + 55*i**2 + 168*i - 9268. Determine q(55).
-28
Let f(i) = -757*i + 168046. Determine f(222).
-8
Let c(m) = -3098*m + 430625. Give c(139).
3
Let k(l) = -2*l**2 - 93649*l - 655452. Give k(-7).
-7
Let j(q) = q**3 - 19*q**2 - 82*q - 87. What is j(23)?
143
Let b(t) = 7519*t**2 + 578962*t - 66. Determine b(-77).
11
Let u(r) = -r**2 - 14969*r - 89786. Give u(-6).
-8
Let w(n) = 27*n**2 - 15278*n - 2278. What is w(566)?
-14
Let b(o) = 89872*o + 898597. Give b(-10).
-123
Let k(z) = 2*z**3 - 30*z**2 + 45*z - 496. Give k(14).
-258
Let o(c) = 2*c - 1540. What is o(7)?
-1526
Let s(g) = 121*g**2 - 822*g + 533. What is s(6)?
-43
Let f(p) = -72*p**2 - 8*p - 18. What is f(-2)?
-290
Let k(t) = 16*t**2 + 83*t + 122. Calculate k(-7).
325
Let z(i) = -8*i**2 + 127*i - 98. Give z(16).
-114
Let z(f) = 34346*f - 68690. What is z(2)?
2
Let q(y) = 2*y**3 - 80*y**2 - 1437*y + 169. Determine q(53).
-2958
Let u(y) = y**3 - 11*y**2 - 94*y + 43. Calculate u(18).
619
Let h(p) = p**3 + 12*p**2 + 37*p + 630. Give h(-16).
-986
Let k(r) = r**3 + 13*r**2 - 110*r - 1564. Give k(-12).
-100
Let v(j) = 45862*j + 687928. Calculate v(-15).
-2
Let j(i) = 509*i + 446955. Determine j(-878).
53
Let d(v) = -v**3 + 32*v**2 - 172*v - 34. What is d(13)?
941
Let l(p) = -5669*p - 3083979. Give l(-544).
-43
Let h(i) = -613784*i - 613782. Calculate h(-1).
2
Let g(y) = 4550*y - 4550038. Determine g(1000).
-38
Let w(n) = -n**3 + 296*n**2 - 20736*n - 1185. Calculate w(114).
183
Let b(g) = g**2 + 1751*g - 529675. What is b(263)?
7
Let c(a) = -392*a - 43761. Determine c(-115).
1319
Let b(v) = -v**3 + 8*v**2 + 103*v - 730. What is b(6)?
-40
Let j(p) = p**3 + 1079*p**2 - 3370*p - 134157. Determine j(-1082).
11
Let v(n) = -40*n + 4750. Calculate v(121).
-90
Let x(z) = 103*z + 2698. Give x(-31).
-495
Let m(n) = -n**3 - 40*n**2 + 154*n + 2588. What is m(9)?
5
Let f(o) = 898*o + 52027. Calculate f(-59).
-955
Let k(x) = -x**2 - 151*x - 783. Determine k(-147).
-195
Let r(j) = -j**2 - 12702*j + 25403. Give r(2).
-5
Let u(g) = 15*g**3 + 73*g**2 - 47*g - 16. Determine u(-6).
-346
Let n(j) = 3133*j - 507550. Give n(162).
-4
Let b(x) = 66*x + 15076. Calculate b(-231).
-170
Let x(g) = 1145*g - 76956. Give x(67).
-241
Let n(p) = 2*p**2 - 431*p + 7284. Determine n(19).
-183
Let f(t) = t**2 - 24243*t + 702315. Give f(29).
109
Let c(p) = 2*p**3 - 88*p**2 + 999*p - 753. Calculate c(23).
6
Let j(s) = 18430*s - 36849. Calculate j(2).
11
Let r(q) = q**2 - 237*q + 3148. Determine r(14).
26
Let k(o) = -6482*o**2 - 84248*o + 229. Calculate k(-13).
-5
Let a(t) = 6990*t + 104754. Calculate a(-15).
-96
Let o(j) = 50*j**2 - 212*j + 65. What is o(2)?
-159
Let y(g) = 33*g**2 - 4707*g - 1810. Calculate y(143).
-94
Let b(i) = 8701*i + 957103. Calculate b(-110).
-7
Let a(m) = m**3 - 77*m**2 - 2431*m - 155. Determine a(-24).
13
Let j(p) = 53324*p - 10611470. What is j(199)?
6
Let b(r) = 24238*r - 2690424. What is b(111)?
-6
Let r(o) = 6263*o - 12692. Determine r(2).
-166
Let m(h) = 129*h**2 - 425*h + 25. What is m(4)?
389
Let y(s) = 30726*s - 245807. Calculate y(8).
1
Let w(a) = 420533*a + 102189515. What is w(-243)?
-4
Let x(d) = 811*d**2 + 126510*d - 969. Give x(-156).
-33
Let m(b) = 642*b**2 + 19250*b - 394. Determine m(-30).
-94
Let u(n) = -1332*n - 10773. Give u(-7).
-1449
Let b(i) = 2*i**3 - 98*i**2 - 9*i - 91. Determine b(49).
-532
Let k(w) = w**3 - 702*w**2 - 18169*w - 4367. What is k(727)?
-5
Let p(g) = -2*g**2 + 479*g + 4441. Give p(-9).
-32
Let a(d) = d**2 - 10329*d + 155030. Give a(15).
320
Let a(v) = v**3 - 74*v**2 + 3711*v - 91496. What is a(39)?
-2
Let g(u) = 18*u**3 - 16*u**2 + 139*u - 276. Calculate g(3).
483
Let h(c) = 6*c**3 - 16*c**2 - 139*c - 92. Calculate h(-5).
-547
Let v(l) = 302*l - 4913. Calculate v(17).
221
Let m(a) = -19*a + 2892. Give m(63).
1695
Let a(c) = -c**3 - 91*c**2 - 672*c - 649. What is a(-83)?
15
Let r(w) = 3*w**2 + 166592*w + 2997680. Calculate r(-18).
-4
Let i(h) = 14*h**2 + 299*h + 3102. Give i(-11).
1507
Let r(y) = -y**3 - 91*y**2 - 102*y - 9292. Calculate r(-91).
-10
Let u(d) = 101*d**2 - 887*d - 22. Determine u(9).
176
Let s(b) = 26*b**2 - 114*b - 6306. Determine s(0).
-6306
Let s(p) = -2058*p**2 - 275*p + 6. Determine s(0).
6
Let l(n) = 215*n**2 - 70*n + 13. What is l(1)?
158
Let c(b) = 103*b**3 - 8*b**2 - 561*b + 567. Give c(1).
101
Let l(y) = 2*y**2 + 386*y - 83084. Determine l(-322).
-8
Let j(h) = -3*h**2 - 637*h + 8392. What is j(-225)?
-158
Let u(k) = -8*k**2 + 1731*k + 4621. Give u(219).
22
Let m(h) = h**3 - 11*h**2 + 95*h - 589. Give m(7).
-120
Let u(p) = p**3 - 64*p**2 + 493*p - 868. Give u(6).
2
Let j(k) = -k**3 + 162*k**2 - 1547*k + 4061. Give j(152).
-43
Let g(z) = 25584*z + 25806. Calculate g(-1).
222
Let k(g) = -6*g**2 - 892*g - 12541. What is k(-133)?
-39
Let j(s) = 97*s**3 - 41*s**2 - 76*s + 15. Calculate j(-2).
-773
Let n(f) = -2*f**3 - 337*f**2 - 14006*f - 3855. Give n(-95).
40
Let o(b) = 42*b**2 - 10379*b - 19669. Give o(249).
2
Let w(i) = i**3 + 69*i**2 + 57*i - 795. Calculate w(-68).
-47
Let c(f) = 69046*f + 690345. What is c(-10)?
-115
Let p(l) = 19219*l + 249838. What is p(-13)?
-9
Let y(x) = 2231*x + 211926. Calculate y(-95).
-19
Let d(u) = 3079*u - 871388. Give d(283).
-31
Let f(w) = w**2 + 4700*w + 598525. Determine f(-131).
-14
Let r(o) = 1217*o + 894499. Determine r(-735).
4
Let v(z) = 14948*z - 239174. Determine v(16).
-6
Let r(t) = -8325*t + 9940055. What is r(1194)?
5
Let p(b) = b**3 - 29*b**2 + 169*b + 76. Calculate p(21).
97
Let b(s) = -41189*s + 658900. Determine b(16).
-124
Let x(m) = -m**3 - 187*m**2 + 21385*m + 6676. Determine x(-267).
1
Let i(m) = -6*m**3 + 258*m**2 - 712*m. Give i(40).
320
Let g(l) = -3106*l - 15052. Give g(-5).
478
Let z(s) = -195*s**2 - 2411*s - 872. Calculate z(-12).
-20
Let j(m) = -14082*m - 8928008. Determine j(-634).
-20
Let o(w) = 3*w**3 + 76*w**2 - 50*w + 146. Determine o(-27).
-2149
Let u(a) = a**3 + 19459*a**2 + 97270*a + 39. Give u(-5).
39
Let c(f) = 18079*f - 795486. Give c(44).
-10
Let b(p) = p**2 + 501*p - 124288. Determine b(182).
18
Let h(u) = -u**3 + 9*u**2 + 405*u - 112. What is h(25)?
13
Let v(o) = 18*o**2 - 2337*o + 19604. What is v(9)?
29
Let y(m) = -2*m**3 - 245*m**2 - 553*m + 5665. Calculate y(-120).
25
Let x(p) = -p**2 + 139*p - 4594. Calculate x(66).
224
Let c(v) = 5319020*v + 5319019. What is c